{"id":40,"date":"2020-10-01T09:51:47","date_gmt":"2020-10-01T07:51:47","guid":{"rendered":"http:\/\/medecinetraditionnelle-toulouse.fr\/?page_id=40"},"modified":"2026-02-23T13:38:23","modified_gmt":"2026-02-23T12:38:23","slug":"modelage-cranien-champissage","status":"publish","type":"page","link":"https:\/\/medecinetraditionnelle-toulouse.fr\/index.php\/modelage-cranien-champissage\/","title":{"rendered":"Modelage cr\u00e2nien \u00ab Champissage \u00bb"},"content":{"rendered":"\n<figure class=\"wp-block-image size-large\"><img loading=\"lazy\" decoding=\"async\" width=\"400\" height=\"267\" src=\"https:\/\/medecinetraditionnelle-toulouse.fr\/wp-content\/uploads\/2020\/10\/champissage.jpg\" alt=\"\" class=\"wp-image-162\" srcset=\"https:\/\/medecinetraditionnelle-toulouse.fr\/wp-content\/uploads\/2020\/10\/champissage.jpg 400w, https:\/\/medecinetraditionnelle-toulouse.fr\/wp-content\/uploads\/2020\/10\/champissage-300x200.jpg 300w\" sizes=\"auto, (max-width: 400px) 100vw, 400px\" \/><figcaption class=\"wp-element-caption\">Stress et maux de dos peuvent \u00eatre r\u00e9duits gr\u00e2ce au modelage cr\u00e2nien &#8220;Champissage&#8221;<\/figcaption><\/figure>\n\n\n\n<blockquote class=\"wp-block-quote is-layout-flow wp-block-quote-is-layout-flow\">\n<p><span style=\"color:#27cda5\" class=\"has-inline-color\"><strong>Tout un programme d\u00e9stressant<\/strong><\/span><\/p>\n<\/blockquote>\n\n\n\n<p>Ce massage complet du cr\u00e2ne, visage, cou, s\u2019\u00e9tend aux \u00e9paules, bras et dessus du dos (zones les plus touch\u00e9es par le stress et les tensions), mais aussi par voie r\u00e9flexe sur l\u2019ensemble du corps.<\/p>\n\n\n\n<p>Cette technique agit sur les plans physiques, mental et subtil de l\u2019individu.<br>Fa\u00e7onn\u00e9 par un ost\u00e9opathe \u00e0 partir de techniques Indiennes traditionnelles vieilles de plus de 1000 ans\u2026<\/p>\n\n\n\n<p><strong>Dur\u00e9e de la s\u00e9ance :<\/strong><br><strong>-Formules entreprises\/CE, modelage flash de 15 minutes<\/strong><\/p>\n","protected":false},"excerpt":{"rendered":"<p>Tout un programme d\u00e9stressant Ce massage complet du cr\u00e2ne, visage, cou, s\u2019\u00e9tend aux \u00e9paules, bras et dessus du dos (zones les plus touch\u00e9es par le stress et les tensions), mais aussi par voie r\u00e9flexe sur l\u2019ensemble du corps. Cette technique<\/p>\n","protected":false},"author":1,"featured_media":0,"parent":0,"menu_order":0,"comment_status":"closed","ping_status":"closed","template":"","meta":{"footnotes":""},"class_list":["post-40","page","type-page","status-publish","hentry"],"_links":{"self":[{"href":"https:\/\/medecinetraditionnelle-toulouse.fr\/index.php\/wp-json\/wp\/v2\/pages\/40","targetHints":{"allow":["GET"]}}],"collection":[{"href":"https:\/\/medecinetraditionnelle-toulouse.fr\/index.php\/wp-json\/wp\/v2\/pages"}],"about":[{"href":"https:\/\/medecinetraditionnelle-toulouse.fr\/index.php\/wp-json\/wp\/v2\/types\/page"}],"author":[{"embeddable":true,"href":"https:\/\/medecinetraditionnelle-toulouse.fr\/index.php\/wp-json\/wp\/v2\/users\/1"}],"replies":[{"embeddable":true,"href":"https:\/\/medecinetraditionnelle-toulouse.fr\/index.php\/wp-json\/wp\/v2\/comments?post=40"}],"version-history":[{"count":5,"href":"https:\/\/medecinetraditionnelle-toulouse.fr\/index.php\/wp-json\/wp\/v2\/pages\/40\/revisions"}],"predecessor-version":[{"id":276,"href":"https:\/\/medecinetraditionnelle-toulouse.fr\/index.php\/wp-json\/wp\/v2\/pages\/40\/revisions\/276"}],"wp:attachment":[{"href":"https:\/\/medecinetraditionnelle-toulouse.fr\/index.php\/wp-json\/wp\/v2\/media?parent=40"}],"curies":[{"name":"wp","href":"https:\/\/api.w.org\/{rel}","templated":true}]}}